of 5710?
7
What is the tens digit of 1042?
4
What is the units digit of 125063?
3
What is the tens digit of 1364?
6
What is the thousands digit of 6493?
6
What is the tens digit of 18772?
7
What is the thousands digit of 3357?
3
What is the thousands digit of 2065?
2
What is the tens digit of 165924?
2
What is the hundreds digit of 1208?
2
What is the ten thousands digit of 41027?
4
What is the tens digit of 7484?
8
What is the hundreds digit of 900?
9
What is the hundreds digit of 337?
3
What is the tens digit of 10994?
9
What is the tens digit of 36324?
2
What is the units digit of 1100?
0
What is the thousands digit of 2743?
2
What is the hundreds digit of 490?
4
What is the tens digit of 6290?
9
What is the units digit of 962?
2
What is the hundreds digit of 6803?
8
What is the units digit of 5726?
6
What is the units digit of 15569?
9
What is the thousands digit of 17820?
7
What is the units digit of 105?
5
What is the units digit of 27074?
4
What is the units digit of 1591?
1
What is the hundreds digit of 933?
9
What is the tens digit of 33775?
7
What is the tens digit of 469?
6
What is the ten thousands digit of 53014?
5
What is the units digit of 5157?
7
What is the tens digit of 942?
4
What is the tens digit of 2986?
8
What is the hundreds digit of 364?
3
What is the units digit of 32020?
0
What is the units digit of 4994?
4
What is the hundreds digit of 6272?
2
What is the ten thousands digit of 42748?
4
What is the units digit of 41842?
2
What is the tens digit of 43564?
6
What is the hundreds digit of 1327?
3
What is the ten thousands digit of 170313?
7
What is the units digit of 638?
8
What is the thousands digit of 4164?
4
What is the units digit of 17229?
9
What is the thousands digit of 38626?
8
What is the hundreds digit of 10487?
4
What is the units digit of 2107?
7
What is the thousands digit of 3605?
3
What is the hundreds digit of 89388?
3
What is the hundreds digit of 40783?
7
What is the units digit of 4396?
6
What is the tens digit of 308?
0
What is the thousands digit of 87931?
7
What is the units digit of 775?
5
What is the units digit of 5152?
2
What is the thousands digit of 8226?
8
What is the tens digit of 13535?
3
What is the units digit of 28944?
4
What is the thousands digit of 5914?
5
What is the thousands digit of 6825?
6
What is the thousands digit of 41500?
1
What is the tens digit of 11967?
6
What is the ten thousands digit of 17030?
1
What is the ten thousands digit of 16620?
1
What is the tens digit of 6519?
1
What is the thousands digit of 1695?
1
What is the ten thousands digit of 12683?
1
What is the ten thousands digit of 60641?
6
What is the thousands digit of 2583?
2
What is the hundreds digit of 450?
4
What is the thousands digit of 8062?
8
What is the hundreds digit of 7000?
0
What is the tens digit of 3823?
2
What is the units digit of 1944?
4
What is the hundreds digit of 61601?
6
What is the units digit of 88277?
7
What is the tens digit of 9192?
9
What is the hundreds digit of 138910?
9
What is the thousands digit of 8508?
8
What is the thousands digit of 1050?
1
What is the tens digit of 592?
9
What is the tens digit of 36957?
5
What is the thousands digit of 1000?
1
What is the thousands digit of 21739?
1
What is the tens digit of 266?
6
What is the tens digit of 71185?
8
What is the units digit of 329?
9
What is the hundreds digit of 41557?
5
What is the tens digit of 8327?
2
What is the tens digit of 28036?
3
What is the tens digit of 1304?
0
What is the thousands digit of 3602?
3
What is the tens digit of 60300?
0
What is the tens digit of 70057?
5
What is the tens digit of 19555?
5
What is the tens digit of 1350?
5
What is the hundreds digit of 2194?
1
What is the hundreds digit of 64831?
8
What is the thousands digit of 112885?
2
What is the thousands digit of 5145?
5
What is the units digit of 47467?
7
What is the tens digit of 46420?
2
What is the hundreds digit of 1273?
2
What is the tens digit of 908?
0
What is the thousands digit of 2497?
2
What is the units digit of 4999?
9
What is the ten thousands digit of 17465?
1
What is the tens digit of 13980?
8
What is the units digit of 3781?
1
What is the thousands digit of 26736?
6
What is the units digit of 3070?
0
What is the units digit of 2014?
4
What is the units digit of 97678?
8
What is the units digit of 53240?
0
What is the thousands digit of 1962?
1
What is the tens digit of 74591?
9
What is the tens digit of 68314?
1
What is the units digit of 17219?
9
What is the units digit of 231?
1
What is the thousands digit of 10133?
0
What is the thousands digit of 19763?
9
What is the thousands digit of 6211?
6
What is the tens digit of 6416?
1
What is the units digit of 708?
8
What is the hundreds digit of 795?
7
What is the units digit of 69724?
4
What is the ten thousands digit of 10965?
1
What is the units digit of 2142?
2
What is the tens digit of 11598?
9
What is the units digit of 3591?
1
What is the tens digit of 9176?
7
What is the thousands digit of 1131?
1
What is the hundreds digit of 237?
2
What is the thousands digit of 1890?
1
What is the units digit of 578?
8
What is the units digit of 503?
3
What is the hundreds digit of 447?
4
What is the units digit of 3796?
6
What is the units digit of 2098?
8
What is the thousands digit of 36911?
6
What is the hundreds digit of 1208?
2
What is the units digit of 56518?
8
What is the thousands digit of 60644?
0
What is the tens digit of 444?
4
What is the tens digit of 665?
6
What is the units digit of 5863?
3
What is the tens digit of 113474?
7
What is the tens digit of 1134?
3
What is the ten thousands digit of 30666?
3
What is the thousands digit of 1468?
1
What is the thousands digit of 1494?
1
What is the units digit of 1304?
4
What is the hundreds digit of 686?
6
What is the tens digit of 35295?
9
What is the units digit of 12357?
7
What is the units digit of 21406?
6
What is the units digit of 5370?
0
What is the hundreds digit of 215?
2
What is the hundreds digit of 43226?
2
What is the hundreds digit of 25727?
7
What is the units digit of 3746?
6
What is the ten thousands digit of 27044?
2
What is the tens digit of 611?
1
What is the tens digit of 947?
4
What is the thousands digit of 1311?
1
What is the units digit of 11713?
3
What is the units digit of 6377?
7
What is the thousands digit of 4790?
4
What is the units digit of 36643?
3
What is the hundreds digit of 1100?
1
What is the hundreds digit of 27406?
4
What is the thousands digit of 1185?
1
What is the units digit of 48118?
8
What is the units digit of 45684?
4
What is the tens digit of 15114?
1
What is the ten thousands digit of 166170?
6
What is the units digit of 2827?
7
What is the hundreds digit of 551?
5
What is the thousands digit of 19584?
9
What is the thousands digit of 58056?
8
What is the hundreds digit of 12579?
5
What is the hundreds digit of 462?
4
What is the thousands digit of 60670?
0
What is the hundreds digit of 5166?
1
What is the tens digit of 144195?
9
What is the ten thousands digit of 110308?
1
What is the tens digit of 98433?
3
What is the hundreds digit of 8037?
0
What is the tens digit of 2440?
4
What is the hundreds digit of 60952?
9
What is the hundreds digit of 2961?
9
What is the tens digit of 1179?
7
What is the thousands digit of 6792?
6
What is the hundreds digit of 4027?
0
What is the ten thousands digit of 51220?
5
What is the tens digit of 99313?
1
What is the thousands digit of 26667?
6
What is the tens digit of 3427?
2
What is the hundreds digit of 885?
8
What is the tens digit of 490?
9
What is the hundreds digit of 2332?
3
What is the tens digit of 420?
2
What is the tens digit of 5008?
0
What is the tens digit of 6116?
1
What is the hundreds digit of 1725?
7
What is the thousands digit of 3585?
3
What is the hundreds digit of 2420?
4
What is the thousands digit of 47854?
7
What is the units digit of 1133?
3
What is the hundreds digit of 1946?
9
What is the thousands digit of 13247?
3
What is the units digit of 963?
3
What is the units digit of 2389?
9
What is the units digit of 10097?
7
What is the units digit of 145997?
7
What is the hundreds digit of 609?
6
What is the tens digit of 25915?
1
What is the hundreds digit of 86309?
3
What is the tens digit of 676?
7
Wh